1, 99581
What are the prime factors of 13345601?
739, 18059
List the prime factors of 2546912.
2, 19, 59, 71
List the prime factors of 3627742.
2, 47, 38593
List the prime factors of 5138315.
5, 7, 13, 23, 491
List the prime factors of 496324.
2, 167, 743
List the prime factors of 574589.
101, 5689
List the prime factors of 314402.
2, 11, 31, 461
List the prime factors of 228457.
228457
List the prime factors of 375114.
2, 3, 101, 619
What are the prime factors of 282037?
7, 43, 937
What are the prime factors of 2628847?
13, 202219
List the prime factors of 19018630.
2, 5, 293, 6491
List the prime factors of 817402.
2, 408701
List the prime factors of 2164775.
5, 131, 661
What are the prime factors of 1729929?
3, 47, 12269
What are the prime factors of 7722756?
2, 3, 23, 3109
List the prime factors of 2362628.
2, 590657
List the prime factors of 17216965.
5, 101, 103, 331
What are the prime factors of 1738853?
857, 2029
List the prime factors of 1226853.
3, 45439
What are the prime factors of 24269890?
2, 5, 103, 23563
What are the prime factors of 477324?
2, 3, 13259
What are the prime factors of 1319776?
2, 41243
What are the prime factors of 2646101?
17, 155653
List the prime factors of 331405.
5, 79, 839
What are the prime factors of 4014853?
163, 24631
What are the prime factors of 145319?
29, 5011
List the prime factors of 2188412.
2, 547103
What are the prime factors of 21165522?
2, 3, 7, 79, 6379
What are the prime factors of 126863?
11, 19, 607
List the prime factors of 35517.
3, 11839
What are the prime factors of 296972?
2, 13, 5711
List the prime factors of 9579720.
2, 3, 5, 97, 823
List the prime factors of 1419677.
7, 4139
What are the prime factors of 1960056?
2, 3, 7, 3889
List the prime factors of 120995.
5, 7, 3457
What are the prime factors of 1612243?
41, 39323
What are the prime factors of 4126240?
2, 5, 17, 37, 41
What are the prime factors of 328772?
2, 82193
List the prime factors of 12171464.
2, 59, 107, 241
What are the prime factors of 19472595?
3, 5, 1298173
What are the prime factors of 374843?
7, 53549
List the prime factors of 1935567.
3, 215063
List the prime factors of 13011052.
2, 17, 191339
What are the prime factors of 1344383?
19, 173, 409
List the prime factors of 130229.
11, 11839
What are the prime factors of 388169?
388169
What are the prime factors of 16248222?
2, 3, 300893
List the prime factors of 3270158.
2, 1635079
List the prime factors of 30505290.
2, 3, 5, 1016843
List the prime factors of 8279818.
2, 4139909
List the prime factors of 3053731.
43, 47, 1511
List the prime factors of 215563.
215563
What are the prime factors of 40179?
3, 59, 227
What are the prime factors of 1187214?
2, 3, 7, 23, 1229
What are the prime factors of 494784?
2, 3, 859
What are the prime factors of 257437?
257437
List the prime factors of 2853110.
2, 5, 13, 17, 1291
What are the prime factors of 23183674?
2, 11591837
What are the prime factors of 5001788?
2, 11, 19, 31, 193
List the prime factors of 3776534.
2, 1888267
What are the prime factors of 333734?
2, 166867
What are the prime factors of 1906356?
2, 3, 158863
What are the prime factors of 9555478?
2, 4777739
What are the prime factors of 1256037?
3, 613, 683
List the prime factors of 256089.
3, 85363
List the prime factors of 6037285.
5, 281, 4297
What are the prime factors of 768068?
2, 7, 27431
List the prime factors of 17960755.
5, 17, 131, 1613
List the prime factors of 291432.
2, 3, 12143
What are the prime factors of 1394265?
3, 5, 92951
List the prime factors of 637234.
2, 13, 24509
What are the prime factors of 809632?
2, 25301
List the prime factors of 1797192.
2, 3, 109, 229
What are the prime factors of 122874?
2, 3, 20479
What are the prime factors of 2130413?
19, 31, 3617
What are the prime factors of 558755?
5, 111751
What are the prime factors of 25652953?
251, 102203
List the prime factors of 335337.
3, 111779
What are the prime factors of 138472?
2, 19, 911
List the prime factors of 473706.
2, 3, 26317
What are the prime factors of 813275?
5, 32531
List the prime factors of 14251241.
14251241
List the prime factors of 1107245.
5, 71, 3119
What are the prime factors of 607668?
2, 3, 79, 641
What are the prime factors of 4435870?
2, 5, 443587
What are the prime factors of 9323498?
2, 31, 150379
What are the prime factors of 1218398?
2, 609199
What are the prime factors of 6702783?
3, 2234261
List the prime factors of 23677839.
3, 292319
List the prime factors of 10940923.
7, 31, 127, 397
List the prime factors of 794302.
2, 397151
List the prime factors of 5204631.
3, 89, 101, 193
List the prime factors of 75060.
2, 3, 5, 139
List the prime factors of 25050723.
3, 8350241
List the prime factors of 168013.
168013
What are the prime factors of 1697334?
2, 3, 282889
List the prime factors of 2143330.
2, 5, 7, 67, 457
List the prime factors of 88750.
2, 5, 71
List the prime factors of 200493.
3, 22277
List the prime factors of 394107.
3, 7, 383
What are the prime factors of 1102172?
2, 275543
List the prime factors of 1992445.
5, 7, 13, 29, 151
List the prime factors of 281394.
2, 3, 193
List the prime factors of 14404954.
2, 7202477
What are the prime factors of 17819147?
17819147
What are the prime factors of 23384900?
2, 5, 7, 11, 3037
List the prime factors of 1526128.
2, 95383
List the prime factors of 5252448.
2, 3, 54713
What are the prime factors of 1110710?
2, 5, 109, 1019
What are the prime factors of 7729977?
3, 239, 10781
List the prime factors of 1080995.
5, 149, 1451
List the prime factors of 1185770.
2, 5, 283, 419
What are the prime factors of 10738614?
2, 3, 1789769
List the prime factors of 27899149.
257, 108557
What are the prime factors of 771309?
3, 7, 11, 53
List the prime factors of 12838094.
2, 17, 23, 16417
List the prime factors of 218044.
2, 19, 151
What are the prime factors of 4281052?
2, 563, 1901
What are the prime factors of 666666?
2, 3, 7, 11, 13, 37
What are the prime factors of 990415?
5, 198083
List the prime factors of 3284241.
3, 1094747
What are the prime factors of 2297224?
2, 31, 59, 157
List the prime factors of 19349769.
3, 6449923
List the prime factors of 2283940.
2, 5, 114197
List the prime factors of 313417.
13, 24109
List the prime factors of 2246274.
2, 3, 124793
What are the prime factors of 4094672?
2, 255917
What are the prime factors of 1235293?
139, 8887
What are the prime factors of 98341?
43, 2287
List the prime factors of 65976.
2, 3, 2749
What are the prime factors of 3578?
2, 1789
List the prime factors of 12990067.
1511, 8597
What are the prime factors of 431807?
431807
List the prime factors of 103476.
2, 3, 8623
List the prime factors of 343856.
2, 21491
List the prime factors of 9270656.
2, 23, 47, 67
List the prime factors of 8029523.
197, 40759
List the prime factors of 1172644.
2, 11, 29, 919
What are the prime factors of 106941?
3, 43, 829
List the prime factors of 676205.
5, 135241
List the prime factors of 11972138.
2, 31, 6229
What are the prime factors of 1515367?
7, 216481
List the prime factors of 309697.
61, 5077
List the prime factors of 12084453.
3, 23, 58379
What are the prime factors of 1017960?
2, 3, 5, 17, 499
List the prime factors of 107804.
2, 26951
List the prime factors of 1024904.
2, 128113
List the prime factors of 3383320.
2, 5, 41, 2063
List the prime factors of 11469352.
2, 1433669
What are the prime factors of 804256?
2, 41, 613
List the prime factors of 2159431.
37, 58363
What are the prime factors of 1280539?
13, 137, 719
List the prime factors of 226535.
5, 45307
List the prime factors of 9356169.
3, 3118723
List the prime factors of 267421.
7, 11, 23, 151
List the prime factors of 1988566.
2, 127, 7829
What are the prime factors of 162682?
2, 13, 6257
List the prime factors of 339565.
5, 113, 601
List the prime factors of 4018760.
2, 5, 100469
List the prime factors of 245308.
2, 7, 8761
List the prime factors of 25041308.
2, 43, 145589
List the prime factors of 1071919.
1071919
What are the prime factors of 591087?
3, 7, 4021
List the prime factors of 153353.
153353
List the prime factors of 13721785.
5, 7, 11, 29, 1229
What are the prime factors of 56741?
23, 2467
List the prime factors of 1950896.
2, 121931
List the prime factors of 1077194.
2, 53